)?
9
Suppose -3 = -4*p + 5. Let w(q) = 0 + q**2 - p + 1. What is the units digit of w(-2)?
3
Suppose 6 = -j + 4*j. Suppose -4*a = -j*z - 133 + 47, 0 = 3*a + 2*z - 54. Suppose 2*o + f = -f + a, 0 = 3*f - 15. What is the units digit of o?
5
Suppose 7*d - 125 = 526. What is the units digit of d?
3
Let y(k) = -k + 16. Let w be y(0). Let v = 22 - w. Suppose 0 = 4*i + 5*o + 17, 2*o + 4 + v = 0. What is the units digit of i?
2
Let v = -1 + 7. Suppose 4*p + 48 = v*p. What is the units digit of p?
4
Suppose -2*s + 60 = 4*h + 2*s, -4*h + 59 = 5*s. What is the units digit of ((-4)/5)/(h/(-440))?
2
Let r(j) = -1 + 1 + j. Let g be r(2). Suppose 4*z = -g + 10. What is the units digit of z?
2
Let o(c) = -5 + 6*c + 3*c - 5*c. Let l be o(5). Let y = 22 - l. What is the units digit of y?
7
Suppose 4*y - 72 = -5*j - 17, j - 20 = y. Let b = j - 11. Suppose -b*c - 32 = -8*c. What is the units digit of c?
8
Let k(f) = -f**3 - 5*f**2 - 6*f - 4. Suppose -1 = -3*g + 14. Let b = -9 + g. What is the units digit of k(b)?
4
Let p(h) = 14*h + 3. Let w be p(6). Suppose -5*x = c - 5*c - w, 103 = 5*x + 4*c. What is the tens digit of x?
1
Suppose 0 = o + 3*o - 24. Let q(j) = -j**2 + 8*j + 1. Let c be q(o). What is the tens digit of c/1 + -2 + 2?
1
Let a(h) be the third derivative of -h**4/12 - 5*h**3/6 + 3*h**2. Let w be a(-6). Let c = w - -3. What is the tens digit of c?
1
Suppose -5*h + 2*t - 71 = 0, 9*h + 85 = 4*h - 5*t. Let m = 16 + 10. Let i = h + m. What is the units digit of i?
1
Suppose 4*i = 0, -2*i - 2*i = 4*q + 88. Let w = -12 - q. What is the tens digit of w?
1
Suppose -4*c - c + 300 = 0. Suppose 5*h - h = c. What is the units digit of h?
5
Suppose 3*a - 3*q - 375 = 0, -4*q = 5*a - 2*q - 632. What is the tens digit of a?
2
Let t(o) = -12*o + 4. What is the tens digit of t(-4)?
5
Suppose -2*t - 9 + 0 = -3*c, -3*c - 4*t = 9. Suppose -2*b + c = -11. What is the units digit of b?
6
What is the tens digit of (-642)/(-9) - 6/(-9)?
7
Suppose -3*v + 4 = -v. Suppose 0 - 8 = -v*r. Suppose 5*m - 5*q - 40 = m, r*q + 36 = 4*m. What is the units digit of m?
5
Let y(a) = -5*a + 103. What is the tens digit of y(17)?
1
Suppose 670 - 1738 = -4*f. What is the units digit of f?
7
Let x = 43 + -7. What is the tens digit of x?
3
Let b be 11/(-3) + 6/9. What is the units digit of 6/b*7/(-2)?
7
Let x = -15 + 21. Let z be 36/10 - x/(-15). Suppose 5*c = -4*p + 36, -3*p - c = -z*c. What is the units digit of p?
4
Suppose -6*b + b = -25. Suppose -d - b*a - 8 = 0, -5*d - 18 = -3*a - 6. What is the tens digit of ((-1)/d)/(3/99)?
1
Suppose -2*b + 5*v - 17 = 0, 4*v = -8 + 28. Suppose -3*q = -b - 2. Suppose q = 5*f + 4*g, -3*f + f = 4*g + 4. What is the units digit of f?
2
Let f(t) = 15*t**2 - 2*t - 1. Let s = 1 - 2. Let n be f(s). Let v = n + -8. What is the units digit of v?
8
Suppose 2*w + 4 = 10. What is the units digit of (w - 4)/((-2)/32)?
6
What is the hundreds digit of -2 + (4682/14 - (-3)/(-7))?
3
Suppose -2 = 2*w - 4, -2*y = -5*w - 137. What is the units digit of y?
1
Let u(y) = y**3 - 11*y**2 + 10*y + 24. What is the hundreds digit of u(11)?
1
Let m = 5 + -1. Suppose -10 - 46 = -4*s - 5*g, 43 = 3*s + m*g. What is the units digit of (-3)/((s/(-12))/1)?
4
Let p be 2*((1 - 0) + -29). Let h = p - -79. What is the units digit of h?
3
Suppose 2*i = -5*k + 49, -k - i = -5*i - 1. What is the units digit of k?
9
Let x(u) = 3*u**3 + 2*u**2 + u - 2. What is the units digit of x(1)?
4
Suppose 0 = 13*j + 40 - 976. What is the units digit of j?
2
Let p(s) = -s**2 + 3*s + 3. Let y be p(3). Let a = 2 - y. Let x = 0 - a. What is the units digit of x?
1
Suppose -10 = 2*z - 32. Let u be z - ((-1)/(-1))/(-1). Suppose v = -3*v + u. What is the units digit of v?
3
Suppose 0 = -5*y + 4*y + 4. Suppose -r = -y - 5. What is the units digit of r?
9
Let q = -42 - -86. What is the units digit of q?
4
Let r(m) = -8*m - 34. What is the tens digit of r(-8)?
3
Let t be 3/2 - (-1)/2. Let c be (1 + -3 + 2)/t. Suppose 0*d - 2*d + 2 = c. What is the units digit of d?
1
Suppose 91 = 14*w - 13*w. What is the units digit of w?
1
Let m(q) = q**2 - 3*q - 6. What is the units digit of m(7)?
2
What is the units digit of ((-9)/(-6))/(12/1856)?
2
Suppose -5*h + 33 = -2*l, -5*l + 22 = 3*h - 4*l. Suppose -c - 3*s = -h, 3*s - s = -3*c + 7. What is the units digit of c?
1
Let q(d) = -3*d - 14. What is the units digit of q(-10)?
6
What is the tens digit of 14/4*8 + 1?
2
Suppose -4*i = h - 5*h - 56, 4*i + 2*h = 26. Let w(v) = v**3 - 10*v**2 + 9*v - 7. Let k be w(i). Let t = 5 - k. What is the tens digit of t?
1
Let a(h) = 5*h**2 + 5*h + 4. What is the units digit of a(-2)?
4
Let m be ((-24)/15)/(1/(-10)). Suppose -2*k - m = -y, -4*k + 2 = y + 10. What is the units digit of y?
8
What is the units digit of 4/3*(-3 - -39)?
8
Let z(i) = i + 17. What is the units digit of z(-15)?
2
Let m(f) = f - 25. Let i(j) = -2*j + 38. Let a(z) = 5*i(z) + 8*m(z). Suppose 5*b + 22 + 18 = 0. What is the units digit of a(b)?
6
Suppose -11*a = -12*a + 50. What is the tens digit of a?
5
Let a = -41 + 62. Suppose -a = -2*k + 39. What is the tens digit of k?
3
Let c(g) = -g + 2. Let r(w) = -w**3 + 3*w**2 + 2*w - 2. Let m be r(4). Let o = m - -3. What is the units digit of c(o)?
9
Let g(c) = 7*c**2 - 3*c - 12. What is the units digit of g(4)?
8
Suppose -5*w + d - 3*d - 12 = 0, 0 = d + 1. What is the units digit of 5*w*(-16)/20?
8
Suppose f - 18 = -0. What is the tens digit of f?
1
Let n be 2/9 - (-170)/45. Let b(z) = 8*z + 9. What is the tens digit of b(n)?
4
Suppose 4*b + 4 = -2*y, 0*y + 3 = y + b. Let j = y + -5. Suppose a - 4 = j*n, -4*n - n = -3*a + 16. What is the units digit of a?
7
Let j(x) = 2*x + 15. What is the units digit of j(10)?
5
Suppose -59 = -b - 14. Suppose -3*h = 2*h - b. Let g = h - 4. What is the units digit of g?
5
Let c be 0 - (-2)/3*3. Let i(k) = k + 3*k - 6 - c*k. What is the units digit of i(5)?
4
Let q be (-1)/(2/66) - 3. Let y = q - -68. What is the units digit of y?
2
Suppose -7*g + 4*g + 2*i + 12 = 0, 2 = -2*g - 2*i. Suppose 7*k = g*k. What is the units digit of -2 + k + 8 + -2?
4
Let x(a) = -a**2 - 10*a + 12. Let h be x(-9). Suppose -5*v = -5*b, 3*b = -4*v + 7 + h. What is the units digit of b?
4
Suppose 0 + 8 = -4*j. Let o = j - -4. What is the units digit of o?
2
Suppose -s - 4 = -2*s. Suppose 3*d - 11 = -s*q, -2*q + 7 + 6 = -d. Let x = d + 8. What is the units digit of x?
5
Suppose 5*p - 3*c - 169 = 0, -4*p - 6*c + 148 = -2*c. What is the units digit of p?
5
Let i be (-6)/(-15) + 54/(-10). Let d(h) = h**2 + 7*h - 4. Let r(j) = 4*j**2 + 29*j - 17. Let v(z) = -9*d(z) + 2*r(z). What is the units digit of v(i)?
2
Let y(v) = -6*v - 12. Let h be y(-12). Suppose -4*s + s = -h. What is the units digit of s?
0
Suppose 7*s = 2*s + 130. Let p = -14 + s. Let t = p - 7. What is the units digit of t?
5
Let m = 22 + -10. Suppose -o - 6 - m = -3*j, -o = -3. What is the units digit of j?
7
Suppose 3*m = -m + 132. What is the tens digit of m?
3
Let k(g) = 3*g**2 + 2*g**3 - 4*g - g**3 + 0*g**3 - 2 - g. Let w be 0 - (0 + 1 - -2). What is the units digit of k(w)?
3
Let w be 0 + (-1)/((-1)/4). Suppose -2 = -w*l + 66. Suppose -5*j = -l + 2. What is the units digit of j?
3
Let o = -6 + 10. Suppose -2*h + o + 0 = 0. What is the units digit of h?
2
Let z = 3 - 0. Let q(a) = 12*a**2 - a + 1. Let v be q(1). Suppose 0 = z*f - v - 3. What is the units digit of f?
5
Let i = 3 - -6. Suppose -2*k + 5*z - 10 = i, 3*z - 7 = -k. What is the units digit of (-1)/(-1) - 2 - k?
1
Suppose 3 = p - 4. Suppose 2 = -2*s, -5*s = 5*t - p - 8. What is the units digit of t?
4
Suppose -17 = -5*w - 2. Suppose q = -3*a + 4*a + 7, q - w*a = 13. What is the units digit of q?
4
Let m(k) = k + 2. Let r be m(4). Let l be (r/4)/((-3)/(-4)). Suppose 6*u = l*u + 8. What is the units digit of u?
2
Suppose 4*u + 2*y = 170, -u + 3*y + 46 = -7. What is the tens digit of u?
4
Let f = 0 - -4. Suppose 5*x = -f*a + 44 + 20, 4*a - 5*x - 104 = 0. What is the tens digit of a?
2
Let k be 0*(2 - 3) - -3. Let i = -2 + k. What is the units digit of i?
1
Suppose -2*t + 4*t = 5*v + 405, -1038 = -5*t + 4*v. What is the units digit of t?
0
Suppose 0 = 5*g + 3*w - 180, -123 - 57 = -5*g + w. Suppose -12 = -3*q + g. What is the units digit of q?
6
Let n(d) = -d**3 - 7*d**2 - 7*d - 6. Let q be n(-6). Suppos